{"id":4746,"date":"2021-08-18T11:31:37","date_gmt":"2021-08-18T11:31:37","guid":{"rendered":"http:\/\/dummy.xtemos.com\/woodmart2\/?page_id=4746"},"modified":"2024-10-02T12:04:52","modified_gmt":"2024-10-02T12:04:52","slug":"home-lawyer","status":"publish","type":"page","link":"https:\/\/www.bahisbetadres.com\/","title":{"rendered":"Anasayfa"},"content":{"rendered":"<div class=\"wpb-content-wrapper\"><p>[vc_row full_width=&#8221;stretch_row&#8221; content_placement=&#8221;bottom&#8221; css=&#8221;.vc_custom_1727870396491{margin-top: -40px !important;margin-bottom: 100px !important;padding-top: 30px !important;background-image: url(https:\/\/www.bahisbetadres.com\/wp-content\/uploads\/2024\/10\/BG31-2.jpg?id=9463) !important;background-position: center !important;background-repeat: no-repeat !important;background-size: cover !important;}&#8221; mobile_bg_img_hidden=&#8221;no&#8221; tablet_bg_img_hidden=&#8221;no&#8221; woodmart_parallax=&#8221;0&#8243; woodmart_gradient_switch=&#8221;no&#8221; row_reverse_mobile=&#8221;0&#8243; row_reverse_tablet=&#8221;0&#8243; woodmart_disable_overflow=&#8221;0&#8243; el_id=&#8221;Home&#8221; wd_z_index=&#8221;no&#8221; woodmart_css_id=&#8221;66fd35a499b6e&#8221; responsive_spacing=&#8221;eyJwYXJhbV90eXBlIjoid29vZG1hcnRfcmVzcG9uc2l2ZV9zcGFjaW5nIiwic2VsZWN0b3JfaWQiOiI2NmZkMzVhNDk5YjZlIiwic2hvcnRjb2RlIjoidmNfcm93IiwiZGF0YSI6eyJ0YWJsZXQiOnsibWFyZ2luLWJvdHRvbSI6IjgwcHgifSwibW9iaWxlIjp7Im1hcmdpbi1ib3R0b20iOiI2MHB4In19fQ==&#8221; woodmart_box_shadow=&#8221;no&#8221;][vc_column width=&#8221;1\/2&#8243; woodmart_text_align=&#8221;left&#8221; css=&#8221;.vc_custom_1629290166562{margin-top: 40px !important;margin-bottom: 40px !important;padding-top: 0px !important;}&#8221; mobile_bg_img_hidden=&#8221;no&#8221; tablet_bg_img_hidden=&#8221;no&#8221; woodmart_parallax=&#8221;0&#8243; woodmart_sticky_column=&#8221;false&#8221; parallax_scroll=&#8221;no&#8221; mobile_reset_margin=&#8221;no&#8221; tablet_reset_margin=&#8221;no&#8221; offset=&#8221;vc_col-lg-7 vc_col-md-7&#8243; el_class=&#8221;#Home&#8221; wd_z_index=&#8221;no&#8221; woodmart_css_id=&#8221;611cfeb542ae1&#8243; responsive_spacing=&#8221;eyJwYXJhbV90eXBlIjoid29vZG1hcnRfcmVzcG9uc2l2ZV9zcGFjaW5nIiwic2VsZWN0b3JfaWQiOiI2MTFjZmViNTQyYWUxIiwic2hvcnRjb2RlIjoidmNfY29sdW1uIiwiZGF0YSI6eyJ0YWJsZXQiOnt9LCJtb2JpbGUiOnt9fX0=&#8221;]\t\t\t<link rel=\"stylesheet\" id=\"wd-section-title-css\" href=\"https:\/\/www.bahisbetadres.com\/wp-content\/themes\/woodmart\/css\/parts\/el-section-title.min.css?ver=7.4.3\" type=\"text\/css\" media=\"all\" \/> \t\t\t\t\t\t<link rel=\"stylesheet\" id=\"wd-mod-highlighted-text-css\" href=\"https:\/\/www.bahisbetadres.com\/wp-content\/themes\/woodmart\/css\/parts\/mod-highlighted-text.min.css?ver=7.4.3\" type=\"text\/css\" media=\"all\" \/> \t\t\t\n\t\t<div id=\"wd-66e6fd14e45e4\" class=\"title-wrapper wd-wpb set-mb-s reset-last-child  wd-rs-66e6fd14e45e4 wd-title-color-default wd-title-style-default text-left  wd-width-enabled wd-underline-colored\" style=\"--wd-max-width: 90%;\">\n\t\t\t\t\t\t\t<div class=\"title-subtitle  subtitle-color-default font-alt subtitle-style-default wd-font-weight- wd-fontsize-xs\">BahisBet G\u00fcncel Giri\u015f Adresi<\/div>\n\t\t\t\n\t\t\t<div class=\"liner-continer\">\n\t\t\t\t<h4 class=\"woodmart-title-container title  wd-font-weight-900 wd-fontsize-l\" >BahisBet: Oyun D\u00fcnyas\u0131n\u0131n En B\u00fcy\u00fck Avantajlar\u0131 Burada!<\/h4>\n\t\t\t\t\t\t\t<\/div>\n\t\t\t\n\t\t\t\n\t\t\t\n\t\t<\/div>\n\t\t\n\t\t[vc_wp_text]<iframe title=\"BahisBet G\u00fcncel Adresi\" src=\"https:\/\/www.bahisbetgiris.ai\/btx\/adresegit.html\" height=\"70\" data-mce-fragment=\"1\"><\/iframe>[\/vc_wp_text][\/vc_column][vc_column width=&#8221;1\/2&#8243; css=&#8221;.vc_custom_1629289581048{padding-top: 0px !important;}&#8221; mobile_bg_img_hidden=&#8221;no&#8221; tablet_bg_img_hidden=&#8221;no&#8221; woodmart_parallax=&#8221;0&#8243; woodmart_sticky_column=&#8221;false&#8221; parallax_scroll=&#8221;no&#8221; mobile_reset_margin=&#8221;no&#8221; tablet_reset_margin=&#8221;no&#8221; offset=&#8221;vc_col-lg-5 vc_col-md-5&#8243; wd_z_index=&#8221;no&#8221; woodmart_css_id=&#8221;611cfc6bd9eaf&#8221; responsive_spacing=&#8221;eyJwYXJhbV90eXBlIjoid29vZG1hcnRfcmVzcG9uc2l2ZV9zcGFjaW5nIiwic2VsZWN0b3JfaWQiOiI2MTFjZmM2YmQ5ZWFmIiwic2hvcnRjb2RlIjoidmNfY29sdW1uIiwiZGF0YSI6eyJ0YWJsZXQiOnt9LCJtb2JpbGUiOnt9fX0=&#8221;][\/vc_column][\/vc_row][vc_row css=&#8221;.vc_custom_1629289669471{margin-bottom: 60px !important;}&#8221; mobile_bg_img_hidden=&#8221;no&#8221; tablet_bg_img_hidden=&#8221;no&#8221; woodmart_parallax=&#8221;0&#8243; woodmart_gradient_switch=&#8221;no&#8221; row_reverse_mobile=&#8221;0&#8243; row_reverse_tablet=&#8221;0&#8243; woodmart_disable_overflow=&#8221;0&#8243; el_id=&#8221;Services&#8221; wd_z_index=&#8221;no&#8221; woodmart_css_id=&#8221;611cfcc40f277&#8243; responsive_spacing=&#8221;eyJwYXJhbV90eXBlIjoid29vZG1hcnRfcmVzcG9uc2l2ZV9zcGFjaW5nIiwic2VsZWN0b3JfaWQiOiI2MTFjZmNjNDBmMjc3Iiwic2hvcnRjb2RlIjoidmNfcm93IiwiZGF0YSI6eyJ0YWJsZXQiOnsibWFyZ2luLWJvdHRvbSI6IjUwIn0sIm1vYmlsZSI6eyJtYXJnaW4tYm90dG9tIjoiMzAifX19&#8243;][vc_column css=&#8221;.vc_custom_1620028779983{padding-top: 0px !important;}&#8221; mobile_bg_img_hidden=&#8221;no&#8221; tablet_bg_img_hidden=&#8221;no&#8221; woodmart_parallax=&#8221;0&#8243; woodmart_sticky_column=&#8221;false&#8221; parallax_scroll=&#8221;no&#8221; mobile_reset_margin=&#8221;no&#8221; tablet_reset_margin=&#8221;no&#8221;]\n\t\t<div id=\"wd-66e7006386e26\" class=\"title-wrapper wd-wpb set-mb-s reset-last-child  wd-rs-66e7006386e26 wd-title-color-primary wd-title-style-default text-center  wd-underline-colored\">\n\t\t\t\t\t\t\t<div class=\"title-subtitle  subtitle-color-primary font-alt subtitle-style-default wd-font-weight-500 wd-fontsize-xs\">BAH\u0130SBET G\u00dcNCEL ADRES<\/div>\n\t\t\t\n\t\t\t<div class=\"liner-continer\">\n\t\t\t\t<h4 class=\"woodmart-title-container title  wd-font-weight- wd-fontsize-xxl\" >Kazan\u00e7lar\u0131n\u0131z\u0131 Y\u00fckseltin, Bahis Heyecan\u0131n\u0131 Zirveye Ta\u015f\u0131y\u0131n!<\/h4>\n\t\t\t\t\t\t\t<\/div>\n\t\t\t\n\t\t\t\n\t\t\t\n\t\t<\/div>\n\t\t\n\t\t[vc_row_inner][vc_column_inner width=&#8221;1\/2&#8243; css=&#8221;.vc_custom_1629289624878{padding-top: 0px !important;}&#8221; offset=&#8221;vc_col-lg-3 vc_col-md-3 vc_col-xs-12&#8243; wd_z_index=&#8221;no&#8221; woodmart_css_id=&#8221;611cfc96067e2&#8243; responsive_spacing=&#8221;eyJwYXJhbV90eXBlIjoid29vZG1hcnRfcmVzcG9uc2l2ZV9zcGFjaW5nIiwic2VsZWN0b3JfaWQiOiI2MTFjZmM5NjA2N2UyIiwic2hvcnRjb2RlIjoidmNfY29sdW1uX2lubmVyIiwiZGF0YSI6eyJ0YWJsZXQiOnt9LCJtb2JpbGUiOnt9fX0=&#8221;]\t\t\t<link rel=\"stylesheet\" id=\"wd-info-box-css\" href=\"https:\/\/www.bahisbetadres.com\/wp-content\/themes\/woodmart\/css\/parts\/el-info-box.min.css?ver=7.4.3\" type=\"text\/css\" media=\"all\" \/> \t\t\t\t\t\t<link rel=\"stylesheet\" id=\"wd-info-box-style-shadow-and-bg-hover-css\" href=\"https:\/\/www.bahisbetadres.com\/wp-content\/themes\/woodmart\/css\/parts\/el-info-box-style-shadow-and-bg-hover.min.css?ver=7.4.3\" type=\"text\/css\" media=\"all\" \/> \t\t\t\t\t\t<div class=\"info-box-wrapper\">\n\t\t\t\t<div id=\"wd-66e6ff88e4d6d\" class=\" wd-rs-66e6ff88e4d6d wd-info-box wd-wpb text-left box-icon-align-top box-style-bg-hover color-scheme-dark wd-bg-none color-scheme-hover-light vc_custom_1726414791291\">\n\t\t\t\t\t\t\t\t\t\t\t<div class=\"box-icon-wrapper  box-with-text text-size-small box-icon-simple\">\n\t\t\t\t\t\t\t<div class=\"info-box-icon\">\n\n\t\t\t\t\t\t\t\t\t\t\t\t\t\t\t01.\t\t\t\t\t\t\t\n\t\t\t\t\t\t\t<\/div>\n\t\t\t\t\t\t<\/div>\n\t\t\t\t\t\t\t\t\t\t<div class=\"info-box-content\">\n\t\t\t\t\t\t<h4 class=\"info-box-title title wd-font-weight-500 box-title-style-default wd-fontsize-m\">S\u00fcrekli G\u00fcncel Adres<\/h4>\t\t\t\t\t\t<div class=\"info-box-inner set-cont-mb-s reset-last-child\"><p>Siz de\u011ferli kullan\u0131c\u0131lar\u0131m\u0131z i\u00e7in adreslerimizi s\u00fcrekli olarak g\u00fcncel tutmaktay\u0131z.<\/p>\n<\/div>\n\n\t\t\t\t\t\t\t\t\t\t\t<\/div>\n\n\t\t\t\t\t\t\t\t\t\t\t<a class=\"wd-info-box-link wd-fill\" aria-label=\"Infobox link\" href=\"#\" title=\"\"><\/a>\n\t\t\t\t\t\n\t\t\t\t\t<style><\/style>\t\t\t\t<\/div>\n\t\t\t<\/div>\n\t\t[\/vc_column_inner][vc_column_inner width=&#8221;1\/2&#8243; css=&#8221;.vc_custom_1620224588529{padding-top: 0px !important;}&#8221; offset=&#8221;vc_col-lg-3 vc_col-md-3 vc_col-xs-12&#8243;]\t\t\t<div class=\"info-box-wrapper\">\n\t\t\t\t<div id=\"wd-66e6ffc976bf4\" class=\" wd-rs-66e6ffc976bf4 wd-info-box wd-wpb text-left box-icon-align-top box-style-bg-hover color-scheme-dark wd-bg-none color-scheme-hover-light vc_custom_1726414803809\">\n\t\t\t\t\t\t\t\t\t\t\t<div class=\"box-icon-wrapper  box-with-text text-size-small box-icon-simple\">\n\t\t\t\t\t\t\t<div class=\"info-box-icon\">\n\n\t\t\t\t\t\t\t\t\t\t\t\t\t\t\t02.\t\t\t\t\t\t\t\n\t\t\t\t\t\t\t<\/div>\n\t\t\t\t\t\t<\/div>\n\t\t\t\t\t\t\t\t\t\t<div class=\"info-box-content\">\n\t\t\t\t\t\t<h4 class=\"info-box-title title wd-font-weight-500 box-title-style-default wd-fontsize-m\">Kolay \u00dcyelik<\/h4>\t\t\t\t\t\t<div class=\"info-box-inner set-cont-mb-s reset-last-child\"><p>Online Bahis \u00fcyeli\u011finizi 1 dakikadan k\u0131sa bir s\u00fcrede tamamlayabilirsiniz.<\/p>\n<\/div>\n\n\t\t\t\t\t\t\t\t\t\t\t<\/div>\n\n\t\t\t\t\t\t\t\t\t\t\t<a class=\"wd-info-box-link wd-fill\" aria-label=\"Infobox link\" href=\"#\" title=\"\"><\/a>\n\t\t\t\t\t\n\t\t\t\t\t<style><\/style>\t\t\t\t<\/div>\n\t\t\t<\/div>\n\t\t[\/vc_column_inner][vc_column_inner width=&#8221;1\/2&#8243; css=&#8221;.vc_custom_1620224599920{padding-top: 0px !important;}&#8221; offset=&#8221;vc_col-lg-3 vc_col-md-3 vc_col-xs-12&#8243;]\t\t\t<div class=\"info-box-wrapper\">\n\t\t\t\t<div id=\"wd-66fd36c11f24d\" class=\" wd-rs-66fd36c11f24d wd-info-box wd-wpb text-left box-icon-align-top box-style-bg-hover color-scheme-dark wd-bg-none color-scheme-hover-light vc_custom_1727870660807\">\n\t\t\t\t\t\t\t\t\t\t\t<div class=\"box-icon-wrapper  box-with-text text-size-small box-icon-simple\">\n\t\t\t\t\t\t\t<div class=\"info-box-icon\">\n\n\t\t\t\t\t\t\t\t\t\t\t\t\t\t\t03.\t\t\t\t\t\t\t\n\t\t\t\t\t\t\t<\/div>\n\t\t\t\t\t\t<\/div>\n\t\t\t\t\t\t\t\t\t\t<div class=\"info-box-content\">\n\t\t\t\t\t\t<h4 class=\"info-box-title title wd-font-weight-500 box-title-style-default wd-fontsize-m\">7\/24 Online Destek<\/h4>\t\t\t\t\t\t<div class=\"info-box-inner set-cont-mb-s reset-last-child\"><p>Uzman temsilcilerimizle sorunlar\u0131n\u0131z\u0131 ve \u015fikayetlerinizi \u00e7\u00f6zmek i\u00e7in 7\/24 haz\u0131r\u0131z.<\/p>\n<\/div>\n\n\t\t\t\t\t\t\t\t\t\t\t<\/div>\n\n\t\t\t\t\t\t\t\t\t\t\t<a class=\"wd-info-box-link wd-fill\" aria-label=\"Infobox link\" href=\"#\" title=\"\"><\/a>\n\t\t\t\t\t\n\t\t\t\t\t<style><\/style>\t\t\t\t<\/div>\n\t\t\t<\/div>\n\t\t[\/vc_column_inner][vc_column_inner width=&#8221;1\/2&#8243; css=&#8221;.vc_custom_1620224609593{padding-top: 0px !important;}&#8221; offset=&#8221;vc_col-lg-3 vc_col-md-3 vc_col-xs-12&#8243;]\t\t\t<div class=\"info-box-wrapper\">\n\t\t\t\t<div id=\"wd-66e7000f6c905\" class=\" wd-rs-66e7000f6c905 wd-info-box wd-wpb text-left box-icon-align-top box-style-bg-hover color-scheme-dark wd-bg-none color-scheme-hover-light vc_custom_1726414885174\">\n\t\t\t\t\t\t\t\t\t\t\t<div class=\"box-icon-wrapper  box-with-text text-size-small box-icon-simple\">\n\t\t\t\t\t\t\t<div class=\"info-box-icon\">\n\n\t\t\t\t\t\t\t\t\t\t\t\t\t\t\t04.\t\t\t\t\t\t\t\n\t\t\t\t\t\t\t<\/div>\n\t\t\t\t\t\t<\/div>\n\t\t\t\t\t\t\t\t\t\t<div class=\"info-box-content\">\n\t\t\t\t\t\t<h4 class=\"info-box-title title wd-font-weight-500 box-title-style-default wd-fontsize-m\">Kullan\u0131c\u0131 Deneyimi<\/h4>\t\t\t\t\t\t<div class=\"info-box-inner set-cont-mb-s reset-last-child\"><p>\u0130ster sokakta, ister evde. Her yerde online bahis oynama imk\u00e2n\u0131.<\/p>\n<\/div>\n\n\t\t\t\t\t\t\t\t\t\t\t<\/div>\n\n\t\t\t\t\t\t\t\t\t\t\t<a class=\"wd-info-box-link wd-fill\" aria-label=\"Infobox link\" href=\"#\" title=\"\"><\/a>\n\t\t\t\t\t\n\t\t\t\t\t<style><\/style>\t\t\t\t<\/div>\n\t\t\t<\/div>\n\t\t[\/vc_column_inner][\/vc_row_inner][\/vc_column][\/vc_row][vc_row content_placement=&#8221;middle&#8221; css=&#8221;.vc_custom_1629289857028{margin-bottom: 60px !important;}&#8221; mobile_bg_img_hidden=&#8221;no&#8221; tablet_bg_img_hidden=&#8221;no&#8221; woodmart_parallax=&#8221;0&#8243; woodmart_gradient_switch=&#8221;no&#8221; row_reverse_mobile=&#8221;1&#8243; row_reverse_tablet=&#8221;0&#8243; woodmart_disable_overflow=&#8221;0&#8243; wd_z_index=&#8221;no&#8221; woodmart_css_id=&#8221;611cfd79d159c&#8221; responsive_spacing=&#8221;eyJwYXJhbV90eXBlIjoid29vZG1hcnRfcmVzcG9uc2l2ZV9zcGFjaW5nIiwic2VsZWN0b3JfaWQiOiI2MTFjZmQ3OWQxNTljIiwic2hvcnRjb2RlIjoidmNfcm93IiwiZGF0YSI6eyJ0YWJsZXQiOnsibWFyZ2luLWJvdHRvbSI6IjQwIn0sIm1vYmlsZSI6eyJtYXJnaW4tYm90dG9tIjoiMjAifX19&#8243;][vc_column width=&#8221;1\/2&#8243; css=&#8221;.vc_custom_1629289847488{margin-bottom: 40px !important;padding-top: 0px !important;}&#8221; mobile_bg_img_hidden=&#8221;no&#8221; tablet_bg_img_hidden=&#8221;no&#8221; woodmart_parallax=&#8221;0&#8243; woodmart_sticky_column=&#8221;false&#8221; parallax_scroll=&#8221;no&#8221; mobile_reset_margin=&#8221;no&#8221; tablet_reset_margin=&#8221;no&#8221; offset=&#8221;vc_col-lg-6 vc_col-md-6 vc_col-xs-12&#8243; wd_z_index=&#8221;no&#8221; woodmart_css_id=&#8221;611cfd7592834&#8243; responsive_spacing=&#8221;eyJwYXJhbV90eXBlIjoid29vZG1hcnRfcmVzcG9uc2l2ZV9zcGFjaW5nIiwic2VsZWN0b3JfaWQiOiI2MTFjZmQ3NTkyODM0Iiwic2hvcnRjb2RlIjoidmNfY29sdW1uIiwiZGF0YSI6eyJ0YWJsZXQiOnt9LCJtb2JpbGUiOnt9fX0=&#8221;]\n\t\t<div id=\"wd-66e700342ab91\" class=\"title-wrapper wd-wpb set-mb-s reset-last-child  wd-rs-66e700342ab91 wd-title-color-primary wd-title-style-default text-left vc_custom_1726414926590 wd-underline-colored\">\n\t\t\t\t\t\t\t<div class=\"title-subtitle  subtitle-color-primary font-alt subtitle-style-default wd-font-weight-500 wd-fontsize-xs\">HAKKIMIZDA<\/div>\n\t\t\t\n\t\t\t<div class=\"liner-continer\">\n\t\t\t\t<h4 class=\"woodmart-title-container title  wd-font-weight- wd-fontsize-xxl\" >BahisBet ile Her Bahis Daha Heyecanl\u0131, Her Kazan\u00e7 Daha B\u00fcy\u00fck!<\/h4>\n\t\t\t\t\t\t\t<\/div>\n\t\t\t\n\t\t\t\n\t\t\t\n\t\t<\/div>\n\t\t\n\t\t\t\t\t<link rel=\"stylesheet\" id=\"wd-text-block-css\" href=\"https:\/\/www.bahisbetadres.com\/wp-content\/themes\/woodmart\/css\/parts\/el-text-block.min.css?ver=7.4.3\" type=\"text\/css\" media=\"all\" \/> \t\t\t\t\t<div id=\"wd-66fd36c9ce527\" class=\"wd-text-block wd-wpb reset-last-child wd-rs-66fd36c9ce527 text-left \">\n\t\t\t<p>BahisBet, kullan\u0131c\u0131lar\u0131na zengin bir oyun deneyimi sunarak, canl\u0131 bahisler, slot oyunlar\u0131, sanal sporlar ve spor bahisleri gibi geni\u015f bir se\u00e7ki ile hizmet eder. Her bir oyun se\u00e7ene\u011fi, cazip avantajlar ve y\u00fcksek kazan\u00e7 f\u0131rsatlar\u0131 ile donat\u0131lm\u0131\u015ft\u0131r.<\/p>\n<p>Yeni ve mevcut oyuncular\u0131m\u0131za \u00f6zel sundu\u011fumuz \u00e7e\u015fitli promosyonlar ve bonuslar, kazan\u00e7lar\u0131n\u0131z\u0131 art\u0131rman\u0131za yard\u0131mc\u0131 olur. Ho\u015f geldin bonuslar\u0131m\u0131z, ilk yat\u0131r\u0131mlar\u0131n\u0131za ekstra de\u011fer katarak bahis deneyiminizi daha keyifli ve verimli hale getirir. Bu bonuslar sayesinde, oyun d\u00fcnyas\u0131nda daha fazla f\u0131rsat ve avantaj yakalayabilirsiniz.<\/p>\n<p>BahisBet ile her bahis an\u0131, heyecan ve kazan\u00e7 dolu bir deneyime d\u00f6n\u00fc\u015f\u00fcr. Siz de bu avantajl\u0131 d\u00fcnyada yerinizi al\u0131n ve kazanc\u0131n\u0131z\u0131 art\u0131rman\u0131n keyfini \u00e7\u0131kar\u0131n!<\/p>\n\t\t<\/div>\n\t\t[\/vc_column][vc_column width=&#8221;1\/2&#8243; css=&#8221;.vc_custom_1629289843224{margin-bottom: 40px !important;padding-top: 0px !important;}&#8221; mobile_bg_img_hidden=&#8221;no&#8221; tablet_bg_img_hidden=&#8221;no&#8221; woodmart_parallax=&#8221;0&#8243; woodmart_sticky_column=&#8221;false&#8221; parallax_scroll=&#8221;no&#8221; mobile_reset_margin=&#8221;no&#8221; tablet_reset_margin=&#8221;no&#8221; offset=&#8221;vc_col-lg-6 vc_col-md-6 vc_col-xs-12&#8243; wd_z_index=&#8221;no&#8221; woodmart_css_id=&#8221;611cfd70161d0&#8243; responsive_spacing=&#8221;eyJwYXJhbV90eXBlIjoid29vZG1hcnRfcmVzcG9uc2l2ZV9zcGFjaW5nIiwic2VsZWN0b3JfaWQiOiI2MTFjZmQ3MDE2MWQwIiwic2hvcnRjb2RlIjoidmNfY29sdW1uIiwiZGF0YSI6eyJ0YWJsZXQiOnt9LCJtb2JpbGUiOnt9fX0=&#8221;]\t\t<div id=\"wd-66fd3613e3324\" class=\"wd-image wd-wpb wd-rs-66fd3613e3324 text-right vc_custom_1727870496160\">\n\t\t\t\n\t\t\t<img loading=\"lazy\" decoding=\"async\" width=\"531\" height=\"472\" src=\"https:\/\/www.bahisbetadres.com\/wp-content\/uploads\/2024\/10\/129.jpg\" class=\"attachment-full size-full\" alt=\"\" srcset=\"https:\/\/www.bahisbetadres.com\/wp-content\/uploads\/2024\/10\/129.jpg 531w, https:\/\/www.bahisbetadres.com\/wp-content\/uploads\/2024\/10\/129-338x300.jpg 338w\" sizes=\"auto, (max-width: 531px) 100vw, 531px\" \/>\n\t\t\t\t\t<\/div>\n\t\t[\/vc_column][\/vc_row]<\/p>\n<\/div>","protected":false},"excerpt":{"rendered":"<p>[vc_row full_width=&#8221;stretch_row&#8221; content_placement=&#8221;bottom&#8221; css=&#8221;.vc_custom_1727870396491{margin-top: -40px !important;margin-bottom: 100px !important;padding-top: 30px !important;background-image: url(https:\/\/www.bahisbetadres.com\/wp-content\/uploads\/2024\/10\/BG31-2.jpg?id=9463) !important;background-position: center !important;background-repeat: no-repeat !important;background-size: cover !important;}&#8221; mobile_bg_img_hidden=&#8221;no&#8221; tablet_bg_img_hidden=&#8221;no&#8221;<\/p>\n","protected":false},"author":1,"featured_media":0,"parent":0,"menu_order":0,"comment_status":"closed","ping_status":"closed","template":"","meta":{"footnotes":""},"class_list":["post-4746","page","type-page","status-publish","hentry"],"yoast_head":"<!-- This site is optimized with the Yoast SEO plugin v27.4 - https:\/\/yoast.com\/product\/yoast-seo-wordpress\/ -->\n<title>BahisBet Deneme Bonusu | G\u00fcncel Giri\u015f Adresi<\/title>\n<meta name=\"description\" content=\"BahisBet, kullan\u0131c\u0131lar\u0131na zengin bir oyun deneyimi sunarak, canl\u0131 bahisler, slot oyunlar\u0131, sanal sporlar ve spor bahisleri gibi geni\u015f bir se\u00e7ki ile hizmet eder. G\u00fcncel giri\u015f adresi i\u00e7in t\u0131klay\u0131n\u0131z.\" \/>\n<meta name=\"robots\" content=\"index, follow, max-snippet:-1, max-image-preview:large, max-video-preview:-1\" \/>\n<link rel=\"canonical\" href=\"https:\/\/www.bahisbetadres.com\/\" \/>\n<meta property=\"og:locale\" content=\"tr_TR\" \/>\n<meta property=\"og:type\" content=\"article\" \/>\n<meta property=\"og:title\" content=\"BahisBet Deneme Bonusu | G\u00fcncel Giri\u015f Adresi\" \/>\n<meta property=\"og:description\" content=\"BahisBet, kullan\u0131c\u0131lar\u0131na zengin bir oyun deneyimi sunarak, canl\u0131 bahisler, slot oyunlar\u0131, sanal sporlar ve spor bahisleri gibi geni\u015f bir se\u00e7ki ile hizmet eder. G\u00fcncel giri\u015f adresi i\u00e7in t\u0131klay\u0131n\u0131z.\" \/>\n<meta property=\"og:url\" content=\"https:\/\/www.bahisbetadres.com\/\" \/>\n<meta property=\"og:site_name\" content=\"Bahis Bet Adres\" \/>\n<meta property=\"article:modified_time\" content=\"2024-10-02T12:04:52+00:00\" \/>\n<meta name=\"twitter:card\" content=\"summary_large_image\" \/>\n<meta name=\"twitter:label1\" content=\"Tahmini okuma s\u00fcresi\" \/>\n\t<meta name=\"twitter:data1\" content=\"4 dakika\" \/>\n<script type=\"application\/ld+json\" class=\"yoast-schema-graph\">{\"@context\":\"https:\\\/\\\/schema.org\",\"@graph\":[{\"@type\":\"WebPage\",\"@id\":\"https:\\\/\\\/www.bahisbetadres.com\\\/\",\"url\":\"https:\\\/\\\/www.bahisbetadres.com\\\/\",\"name\":\"BahisBet Deneme Bonusu | G\u00fcncel Giri\u015f Adresi\",\"isPartOf\":{\"@id\":\"https:\\\/\\\/www.bahisbetadres.com\\\/#website\"},\"datePublished\":\"2021-08-18T11:31:37+00:00\",\"dateModified\":\"2024-10-02T12:04:52+00:00\",\"description\":\"BahisBet, kullan\u0131c\u0131lar\u0131na zengin bir oyun deneyimi sunarak, canl\u0131 bahisler, slot oyunlar\u0131, sanal sporlar ve spor bahisleri gibi geni\u015f bir se\u00e7ki ile hizmet eder. G\u00fcncel giri\u015f adresi i\u00e7in t\u0131klay\u0131n\u0131z.\",\"breadcrumb\":{\"@id\":\"https:\\\/\\\/www.bahisbetadres.com\\\/#breadcrumb\"},\"inLanguage\":\"tr\",\"potentialAction\":[{\"@type\":\"ReadAction\",\"target\":[\"https:\\\/\\\/www.bahisbetadres.com\\\/\"]}]},{\"@type\":\"BreadcrumbList\",\"@id\":\"https:\\\/\\\/www.bahisbetadres.com\\\/#breadcrumb\",\"itemListElement\":[{\"@type\":\"ListItem\",\"position\":1,\"name\":\"Anasayfa\",\"item\":\"https:\\\/\\\/www.bahisbetadres.com\\\/\"},{\"@type\":\"ListItem\",\"position\":2,\"name\":\"Anasayfa\"}]},{\"@type\":\"WebSite\",\"@id\":\"https:\\\/\\\/www.bahisbetadres.com\\\/#website\",\"url\":\"https:\\\/\\\/www.bahisbetadres.com\\\/\",\"name\":\"Bahis Bet Adres\",\"description\":\"\",\"potentialAction\":[{\"@type\":\"SearchAction\",\"target\":{\"@type\":\"EntryPoint\",\"urlTemplate\":\"https:\\\/\\\/www.bahisbetadres.com\\\/?s={search_term_string}\"},\"query-input\":{\"@type\":\"PropertyValueSpecification\",\"valueRequired\":true,\"valueName\":\"search_term_string\"}}],\"inLanguage\":\"tr\"}]}<\/script>\n<!-- \/ Yoast SEO plugin. -->","yoast_head_json":{"title":"BahisBet Deneme Bonusu | G\u00fcncel Giri\u015f Adresi","description":"BahisBet, kullan\u0131c\u0131lar\u0131na zengin bir oyun deneyimi sunarak, canl\u0131 bahisler, slot oyunlar\u0131, sanal sporlar ve spor bahisleri gibi geni\u015f bir se\u00e7ki ile hizmet eder. G\u00fcncel giri\u015f adresi i\u00e7in t\u0131klay\u0131n\u0131z.","robots":{"index":"index","follow":"follow","max-snippet":"max-snippet:-1","max-image-preview":"max-image-preview:large","max-video-preview":"max-video-preview:-1"},"canonical":"https:\/\/www.bahisbetadres.com\/","og_locale":"tr_TR","og_type":"article","og_title":"BahisBet Deneme Bonusu | G\u00fcncel Giri\u015f Adresi","og_description":"BahisBet, kullan\u0131c\u0131lar\u0131na zengin bir oyun deneyimi sunarak, canl\u0131 bahisler, slot oyunlar\u0131, sanal sporlar ve spor bahisleri gibi geni\u015f bir se\u00e7ki ile hizmet eder. G\u00fcncel giri\u015f adresi i\u00e7in t\u0131klay\u0131n\u0131z.","og_url":"https:\/\/www.bahisbetadres.com\/","og_site_name":"Bahis Bet Adres","article_modified_time":"2024-10-02T12:04:52+00:00","twitter_card":"summary_large_image","twitter_misc":{"Tahmini okuma s\u00fcresi":"4 dakika"},"schema":{"@context":"https:\/\/schema.org","@graph":[{"@type":"WebPage","@id":"https:\/\/www.bahisbetadres.com\/","url":"https:\/\/www.bahisbetadres.com\/","name":"BahisBet Deneme Bonusu | G\u00fcncel Giri\u015f Adresi","isPartOf":{"@id":"https:\/\/www.bahisbetadres.com\/#website"},"datePublished":"2021-08-18T11:31:37+00:00","dateModified":"2024-10-02T12:04:52+00:00","description":"BahisBet, kullan\u0131c\u0131lar\u0131na zengin bir oyun deneyimi sunarak, canl\u0131 bahisler, slot oyunlar\u0131, sanal sporlar ve spor bahisleri gibi geni\u015f bir se\u00e7ki ile hizmet eder. G\u00fcncel giri\u015f adresi i\u00e7in t\u0131klay\u0131n\u0131z.","breadcrumb":{"@id":"https:\/\/www.bahisbetadres.com\/#breadcrumb"},"inLanguage":"tr","potentialAction":[{"@type":"ReadAction","target":["https:\/\/www.bahisbetadres.com\/"]}]},{"@type":"BreadcrumbList","@id":"https:\/\/www.bahisbetadres.com\/#breadcrumb","itemListElement":[{"@type":"ListItem","position":1,"name":"Anasayfa","item":"https:\/\/www.bahisbetadres.com\/"},{"@type":"ListItem","position":2,"name":"Anasayfa"}]},{"@type":"WebSite","@id":"https:\/\/www.bahisbetadres.com\/#website","url":"https:\/\/www.bahisbetadres.com\/","name":"Bahis Bet Adres","description":"","potentialAction":[{"@type":"SearchAction","target":{"@type":"EntryPoint","urlTemplate":"https:\/\/www.bahisbetadres.com\/?s={search_term_string}"},"query-input":{"@type":"PropertyValueSpecification","valueRequired":true,"valueName":"search_term_string"}}],"inLanguage":"tr"}]}},"_links":{"self":[{"href":"https:\/\/www.bahisbetadres.com\/index.php?rest_route=\/wp\/v2\/pages\/4746","targetHints":{"allow":["GET"]}}],"collection":[{"href":"https:\/\/www.bahisbetadres.com\/index.php?rest_route=\/wp\/v2\/pages"}],"about":[{"href":"https:\/\/www.bahisbetadres.com\/index.php?rest_route=\/wp\/v2\/types\/page"}],"author":[{"embeddable":true,"href":"https:\/\/www.bahisbetadres.com\/index.php?rest_route=\/wp\/v2\/users\/1"}],"replies":[{"embeddable":true,"href":"https:\/\/www.bahisbetadres.com\/index.php?rest_route=%2Fwp%2Fv2%2Fcomments&post=4746"}],"version-history":[{"count":11,"href":"https:\/\/www.bahisbetadres.com\/index.php?rest_route=\/wp\/v2\/pages\/4746\/revisions"}],"predecessor-version":[{"id":9468,"href":"https:\/\/www.bahisbetadres.com\/index.php?rest_route=\/wp\/v2\/pages\/4746\/revisions\/9468"}],"wp:attachment":[{"href":"https:\/\/www.bahisbetadres.com\/index.php?rest_route=%2Fwp%2Fv2%2Fmedia&parent=4746"}],"curies":[{"name":"wp","href":"https:\/\/api.w.org\/{rel}","templated":true}]}}